{"id":3,"date":"2025-03-28T16:11:06","date_gmt":"2025-03-28T16:11:06","guid":{"rendered":"https:\/\/tripod.jan-stoess.com\/?page_id=3"},"modified":"2025-11-12T17:02:46","modified_gmt":"2025-11-12T17:02:46","slug":"kontakt","status":"publish","type":"page","link":"https:\/\/tripod-music.de\/?page_id=3","title":{"rendered":"Kontakt"},"content":{"rendered":"\n<p><strong>Kontakt &amp; Booking <br><\/strong>Wir spielen auf B\u00fchnen, Festivals, Stadtfesten, Firmenevents, privaten Feiern, Gartenpartys, Austellungser\u00f6ffnungen. Interessiert? Schreiben Sie uns!<br><strong>Victor Lavotha<\/strong> &#8211; <strong>Tel:&nbsp;0721-45380-53&nbsp;Mobil:&nbsp;0163-870-3634<\/strong> <strong>Email:&nbsp;v.lavotha@gmail.com&nbsp;&nbsp;<\/strong><\/p>\n\n\n\n<p><strong>Impressum<\/strong><br>Inhaltlich verantwortlich i.S.d.TMG: Viktor Lavotha <a href=\"mailto:v.lavotha@gmail.com\">v.lavotha@gmail.com<\/a><\/p>\n\n\n\n<p><strong>Fotos<\/strong><br>wenn nicht anders vermerkt: Archiv TRIPOD<br>weitere von G\u00e1bor P\u00e1l Cs\u00e1ki, Gy\u00f6rgyi Sinali-Juh\u00e1sz<\/p>\n\n\n\n<p><strong>Datenschutzerkl\u00e4rung<\/strong><\/p>\n\n\n\n<p>Diese Datenschutzerkl\u00e4rung soll die Nutzer dieser Website gem\u00e4\u00df gem\u00e4\u00df Artikel 13 und Artikel 14 EU-Datenschutzgrundverordnung \u00fcber die Art, den Umfang und den Zweck der Erhebung und Verwendung personenbezogener Daten auf dieser Website informieren. \u2013 Wir nehmen den Datenschutz ernst und behandeln deine\/ Ihre personenbezogenen Daten vertraulich und entsprechend den gesetzlichen Vorschriften.<br>Die Nutzung unserer Webseite ist in der Regel ohne Angabe personenbezogener Daten m\u00f6glich. Sofern auf unseren Seiten personenbezogene Daten (beispielsweise Name, Anschrift oder E-Mail-Adressen) per E-Mail oder Formular \u00fcbermittelt werden, erfolgt dies auf freiwilliger Basis. Diese Daten werden ohne deine\/ Ihre ausdr\u00fcckliche Zustimmung nicht an Dritte weitergegeben.<br>Wir verwenden diese Daten nur zur Abwicklung einer Auftrittsanfrage oder beim Abonnement des Newsletters zur Versendung von aktuellen Informationen zu unseren Auftritten. Es besteht jederzeit die M\u00f6glichkeit, dies per Mail abzubestellen und zu beenden. Deine\/ Ihre Daten werden in Fall gel\u00f6scht.<\/p>\n\n\n\n<p><strong>SSL-Verschl\u00fcsselung<br><\/strong>Um die \u00fcbermittelten Daten bestm\u00f6glich zu sch\u00fctzen, nutzen wir auf unserer Website eine SSL-Verschl\u00fcsselung. Derart verschl\u00fcsselte Verbindungen erkennt man an dem Pr\u00e4fix \u201chttps:\/\/\u201c im Seitenlink in der Adresszeile Ihres Browsers. Unverschl\u00fcsselte Seiten sind durch \u201ehttp:\/\/\u201c gekennzeichnet.<\/p>\n\n\n\n<p>S\u00e4mtliche Daten, welche an diese Website \u00fcber Formularfelder \u00fcbermittelt werden \u2013 etwa bei Newsletter-Abonnements oder Logins \u2013 k\u00f6nnen dank SSL-Verschl\u00fcsselung nicht von Dritten gelesen werden.<\/p>\n\n\n\n<p><strong>Cookies<br><\/strong>Auf unseren Seiten werden ausschlie\u00dflich&nbsp;<strong>technisch erforderliche Cookies<\/strong>&nbsp;gesetzt, die daf\u00fcr sorgen, dass die Website fehlerfrei l\u00e4uft. Diese Cookies ben\u00f6tigen keine Zustimmung und lassen keine personenbezogenen R\u00fcckschl\u00fcsse zu. Weitere Cookies (Werbepartner, personalisierte Anzeigen etc.) sind nicht in Verwendung. Daher m\u00fcssen auf sikohorepse.de auch keine Einwilligungen \u00fcber ein Cookie-Banner gegeben werden.<\/p>\n\n\n\n<h2 class=\"wp-block-heading\"><\/h2>\n\n\n\n<p><strong>Youtube Videos.<br><\/strong>Auf unseren Seiten verwenden wir eingebettete YouTube-Videos des Anbieters&nbsp;YouTube LLC, 901 Cherry Avenue, San Bruno, CA 94066, USA,&nbsp;vertreten durch Google Inc., 1600 Amphitheatre Parkway, Mountain View, CA 94043, USA. Diese Plattform setzt bei Nutzung ihres Angebotes ebenfalls&nbsp;Cookies&nbsp;ein. Sie werden von YouTube z.B. f\u00fcr die Erstellung von Videostatistiken verwendet. F\u00fcr die hier verwendeten Videos ist der&nbsp;erweiterte Datenschutzmodus&nbsp;aktiviert. Diesen erweiterten Datenschutz stellt YouTube selbst bereit und sichert damit zu, dass YouTube zun\u00e4chst keine Cookies auf Ihrem Ger\u00e4t speichert. Beim Aufruf der betreffenden Seiten werden allerdings die IP-Adresse sowie die \u00fcbrigen Logfile-Daten (siehe Abschnitt \u201eSpeicherung von Zugriffsdaten\u201c) \u00fcbertragen und so insbesondere mitgeteilt, welche unserer Internetseiten Sie besucht haben. Diese Information l\u00e4sst sich jedoch nicht Ihnen zuordnen, sofern Sie sich nicht vor dem Seitenaufruf bei YouTube oder einem anderen Google-Dienst (z. B. Google+) angemeldet haben bzw. dauerhaft angemeldet sind. Sobald Sie die Wiedergabe eines eingebundenen Videos durch Anklicken starten, speichert YouTube durch den erweiterten Datenschutzmodus auf Ihrem Ger\u00e4t nur Cookies, die keine pers\u00f6nlich identifizierbaren Daten enthalten, es sei denn Sie sind aktuell bei einem Google-Dienst angemeldet. Diese Cookies lassen sich durch entsprechende Browsereinstellungen und -erweiterungen verhindern. Hinweise zum Datenschutz durch YouTube bzw. Google finden Sie unter<br><a href=\"https:\/\/policies.google.com\/privacy?hl=de&amp;gl=de\" target=\"_blank\" rel=\"noreferrer noopener\">https:\/\/policies.google.com\/privacy<\/a><\/p>\n\n\n\n<p><strong>Speicherung von Zugriffsdaten<\/strong><br>Der Seitenprovider erhebt Daten \u00fcber Zugriffe auf die Seite und speichert diese als \u201eServer-Logfiles\u201c ab.Dabei werden keine personenbezogenen Daten von Websitenbesuchern erhoben, damit keine R\u00fcckschl\u00fcsse auf die einzelnen Besucher gezogen werden k\u00f6nnen.&nbsp;Es werden folgende Daten erhoben:<\/p>\n\n\n\n<ul class=\"wp-block-list\">\n<li>Referrer (zuvor besuchte Webseite)<\/li>\n\n\n\n<li>Angeforderte Webseite oder Datei<\/li>\n\n\n\n<li>Browsertyp und Browserversion<\/li>\n\n\n\n<li>Verwendetes Betriebssystem<\/li>\n\n\n\n<li>Verwendeter Ger\u00e4tetyp<\/li>\n\n\n\n<li>Uhrzeit des Zugriffs<\/li>\n\n\n\n<li>IP-Adresse in anonymisierter Form (wird nur zur Feststellung des Orts des Zugriffs verwendet).<\/li>\n<\/ul>\n\n\n\n<p>Eine Zusammenf\u00fchrung dieser Daten mit anderen Datenquellen wird nicht vorgenommen und die Daten werden nach einer statistischen Auswertung gel\u00f6scht.<\/p>\n\n\n\n<p><strong>Auskunft, L\u00f6schung, Sperrung<\/strong><br>Jederzeit besteht das Recht auf unentgeltliche Auskunft dar\u00fcber, ob und welche personenbezogenen Daten bei uns \u00fcber dich\/ Sie gespeichert sind. Bei Fragen hierzu kann man sich unter den im Impressum angegebenen Kontaktdaten an uns wenden.<\/p>\n\n\n\n<p>Auf unserer Website stellen wir gelegentlich Fotos von Veranstaltungen online. Lt. \u00a7 22 (Recht am eigenen Bild) des Kunsturhebergesetzes d\u00fcrfen Bildnisse (Fotos) nur mit Einwilligung des Abgebildeten verbreitet und \u00f6ffentlich gemacht werden. Ausgenommen sind lt. \u00a7 23 Absatz 3 jedoch Bilder von Versammlungen, Aufz\u00fcgen und \u00e4hnlichen Vorg\u00e4ngen, an denen die dargestellten Personen teilgenommen haben. Dies gilt auch f\u00fcr die \u00f6ffentlichen Auftritte der Band. Sofern dabei deutlich erkennbare Portraits vorhanden sind, liegt die Einwilligung der Fotografierten vor. \u2013 Betroffene k\u00f6nnen jedoch jederzeit beantragen, ein solches Bild l\u00f6schen zu lassen \u2013 ebenfalls \u00fcber die im Impressum angegebenen Kontaktdaten.<\/p>\n\n\n\n<p><strong>Widerspruch Werbemails<\/strong><br>Die hier ver\u00f6ffentlichten Kontaktdaten (im Rahmen der gesetzlichen Impressums\u00adpflicht) d\u00fcrfen nicht durch Dritte zur \u00dcbersendung von nicht ausdr\u00fccklich angeforderter Werbung und Informationsmaterialien verwendet werden. Dem wird hiermit ausdr\u00fccklich widersprochen.<\/p>\n\n\n\n<p><\/p>\n\n\n\n<p><\/p>\n","protected":false},"excerpt":{"rendered":"<p>Kontakt &amp; Booking Wir spielen auf B\u00fchnen, Festivals, Stadtfesten, Firmenevents, privaten Feiern, Gartenpartys, Austellungser\u00f6ffnungen. Interessiert? Schreiben Sie uns!Victor Lavotha &#8211; Tel:&nbsp;0721-45380-53&nbsp;Mobil:&nbsp;0163-870-3634 Email:&nbsp;v.lavotha@gmail.com&nbsp;&nbsp; ImpressumInhaltlich verantwortlich i.S.d.TMG: Viktor Lavotha v.lavotha@gmail.com Fotoswenn nicht anders vermerkt: Archiv TRIPODweitere von G\u00e1bor P\u00e1l Cs\u00e1ki, Gy\u00f6rgyi Sinali-Juh\u00e1sz Datenschutzerkl\u00e4rung Diese Datenschutzerkl\u00e4rung soll die Nutzer dieser Website gem\u00e4\u00df gem\u00e4\u00df Artikel 13 und Artikel 14 [&hellip;]<\/p>\n","protected":false},"author":1,"featured_media":0,"parent":0,"menu_order":0,"comment_status":"closed","ping_status":"closed","template":"","meta":{"footnotes":""},"class_list":["post-3","page","type-page","status-publish","hentry"],"_links":{"self":[{"href":"https:\/\/tripod-music.de\/index.php?rest_route=\/wp\/v2\/pages\/3","targetHints":{"allow":["GET"]}}],"collection":[{"href":"https:\/\/tripod-music.de\/index.php?rest_route=\/wp\/v2\/pages"}],"about":[{"href":"https:\/\/tripod-music.de\/index.php?rest_route=\/wp\/v2\/types\/page"}],"author":[{"embeddable":true,"href":"https:\/\/tripod-music.de\/index.php?rest_route=\/wp\/v2\/users\/1"}],"replies":[{"embeddable":true,"href":"https:\/\/tripod-music.de\/index.php?rest_route=%2Fwp%2Fv2%2Fcomments&post=3"}],"version-history":[{"count":4,"href":"https:\/\/tripod-music.de\/index.php?rest_route=\/wp\/v2\/pages\/3\/revisions"}],"predecessor-version":[{"id":227,"href":"https:\/\/tripod-music.de\/index.php?rest_route=\/wp\/v2\/pages\/3\/revisions\/227"}],"wp:attachment":[{"href":"https:\/\/tripod-music.de\/index.php?rest_route=%2Fwp%2Fv2%2Fmedia&parent=3"}],"curies":[{"name":"wp","href":"https:\/\/api.w.org\/{rel}","templated":true}]}}